{"id":1104291,"date":"2025-07-10T13:25:38","date_gmt":"2025-07-10T11:25:38","guid":{"rendered":"https:\/\/hairvisual.fr\/produit\/ecobell-espejo-de-4-caras-2\/"},"modified":"2026-07-21T22:15:12","modified_gmt":"2026-07-21T20:15:12","slug":"ecobell-espejo-de-4-caras-2","status":"publish","type":"product","link":"https:\/\/hairvisual.fr\/es\/producto\/ecobell-espejo-de-4-caras-2\/","title":{"rendered":"ECOBELL - Espejo de 4 caras"},"content":{"rendered":"<h2>El espejo de 4 caras Ecobell: por fin ves la parte trasera de tu cabeza<\/h2>\n<p>\u00a1Usa el <strong>Espejo Ecobell<\/strong> cuando apliques tu <a href=\"https:\/\/hairvisual.fr\/es\/producto\/ecobell-polvo-densificador-nueva-formula-3\/\">polvo capilar<\/a>! Con un espejo est\u00e1ndar es imposible controlar la parte superior de la cabeza o la coronilla \u2014 precisamente las zonas donde m\u00e1s se aplica el polvo.<\/p>\n<p>Gracias a sus <strong>4 caras articuladas<\/strong>, el Espejo Ecobell se curva alrededor de tu cabeza y te ofrece una vista completa de la parte superior y trasera. Espolvoreas en el lugar correcto, dosificas bien y compruebas el resultado final antes de salir: se acabaron las zonas olvidadas o el exceso visible.<\/p>\n<p>Plegable y ligero, cabe en un <a href=\"https:\/\/hairvisual.fr\/produit\/trousse-cosmetique-hairvisual\/\">neceser de aseo<\/a>: ideal en casa y de viaje.<\/p>\n<p><strong>Caracter\u00edsticas:<\/strong><\/p>\n<ul>\n<li>Tama\u00f1o de cada cara: 100 \u00d7 65 mm<\/li>\n<li>Longitud total desplegado: 480 mm<\/li>\n<li>Peso: 220 g<\/li>\n<\/ul>\n","protected":false},"excerpt":{"rendered":"<p>Visualiza por fin la parte superior de tu cabeza: el <strong>espejo de 4 caras Ecobell<\/strong> te permite controlar la aplicaci\u00f3n de tu polvo capilar desde todos los \u00e1ngulos, incluso en la coronilla. Compacto y plegable, te acompa\u00f1a a todas partes en tus viajes.<\/p>\n","protected":false},"featured_media":1103764,"comment_status":"open","ping_status":"closed","template":"","meta":{"_seopress_titles_title":"Espejo de 4 Caras Ecobell \u2014 Aplicaci\u00f3n de Polvo | Hairvisual","_seopress_titles_desc":"Espejo plegable de 4 caras para controlar la aplicaci\u00f3n de tu polvo densificador en la coronilla y la parte trasera. Compacto, ligero, ideal para viajar.","_seopress_robots_index":"","_seopress_robots_follow":"","_seopress_robots_imageindex":"","_seopress_robots_snippet":"","_seopress_robots_primary_cat":"none","_seopress_robots_breadcrumbs":"","_seopress_robots_freeze_modified_date":"","_seopress_robots_custom_modified_date":"","_seopress_robots_canonical":"","_seopress_social_fb_title":"","_seopress_social_fb_desc":"","_seopress_social_fb_img":"","_seopress_social_fb_img_attachment_id":0,"_seopress_social_fb_img_width":0,"_seopress_social_fb_img_height":0,"_seopress_social_twitter_title":"","_seopress_social_twitter_desc":"","_seopress_social_twitter_img":"","_seopress_social_twitter_img_attachment_id":0,"_seopress_social_twitter_img_width":0,"_seopress_social_twitter_img_height":0,"_seopress_redirections_value":"","_seopress_redirections_enabled":"","_seopress_redirections_enabled_regex":"","_seopress_redirections_logged_status":"ambos","_seopress_redirections_param":"","_seopress_redirections_type":301,"_seopress_analysis_target_kw":"","_seopress_news_disabled":"","_seopress_video_disabled":"","_seopress_video":[],"_seopress_pro_schemas_manual":[],"_seopress_pro_rich_snippets_disable_all":"","_seopress_pro_rich_snippets_disable":[],"_seopress_pro_schemas":[]},"product_brand":[536],"product_cat":[354],"product_tag":[],"class_list":["post-1104291","product","type-product","status-publish","has-post-thumbnail","product_brand-ecobell","product_cat-accesorios","first","instock","taxable","shipping-taxable","purchasable","product-type-simple"],"_links":{"self":[{"href":"https:\/\/hairvisual.fr\/es\/wp-json\/wp\/v2\/product\/1104291","targetHints":{"allow":["GET"]}}],"collection":[{"href":"https:\/\/hairvisual.fr\/es\/wp-json\/wp\/v2\/product"}],"about":[{"href":"https:\/\/hairvisual.fr\/es\/wp-json\/wp\/v2\/types\/product"}],"replies":[{"embeddable":true,"href":"https:\/\/hairvisual.fr\/es\/wp-json\/wp\/v2\/comments?post=1104291"}],"wp:featuredmedia":[{"embeddable":true,"href":"https:\/\/hairvisual.fr\/es\/wp-json\/wp\/v2\/media\/1103764"}],"wp:attachment":[{"href":"https:\/\/hairvisual.fr\/es\/wp-json\/wp\/v2\/media?parent=1104291"}],"wp:term":[{"taxonomy":"product_brand","embeddable":true,"href":"https:\/\/hairvisual.fr\/es\/wp-json\/wp\/v2\/product_brand?post=1104291"},{"taxonomy":"product_cat","embeddable":true,"href":"https:\/\/hairvisual.fr\/es\/wp-json\/wp\/v2\/product_cat?post=1104291"},{"taxonomy":"product_tag","embeddable":true,"href":"https:\/\/hairvisual.fr\/es\/wp-json\/wp\/v2\/product_tag?post=1104291"}],"curies":[{"name":"wp","href":"https:\/\/api.w.org\/{rel}","templated":true}]}}

<h2>El espejo de 4 caras Ecobell: por fin ves la parte trasera de tu cabeza</h2>
<p>¡Usa el <strong>Espejo Ecobell</strong> cuando apliques tu <a href="https://hairvisual.fr/es/producto/ecobell-polvo-densificador-nueva-formula-3/">polvo capilar</a>! Con un espejo estándar es imposible controlar la parte superior de la cabeza o la coronilla — precisamente las zonas donde más se aplica el polvo.</p>
<p>Gracias a sus <strong>4 caras articuladas</strong>, el Espejo Ecobell se curva alrededor de tu cabeza y te ofrece una vista completa de la parte superior y trasera. Espolvoreas en el lugar correcto, dosificas bien y compruebas el resultado final antes de salir: se acabaron las zonas olvidadas o el exceso visible.</p>
<p>Plegable y ligero, cabe en un <a href="https://hairvisual.fr/produit/trousse-cosmetique-hairvisual/">neceser de aseo</a>: ideal en casa y de viaje.</p>
<p><strong>Características:</strong></p>
<ul>
<li>Tamaño de cada cara: 100 × 65 mm</li>
<li>Longitud total desplegado: 480 mm</li>
<li>Peso: 220 g</li>
</ul>

<p>Visualiza por fin la parte superior de tu cabeza: el <strong>espejo de 4 caras Ecobell</strong> te permite controlar la aplicación de tu polvo capilar desde todos los ángulos, incluso en la coronilla. Compacto y plegable, te acompaña a todas partes en tus viajes.</p>

Espejo de 4 Caras Ecobell — Aplicación de Polvo | Hairvisual

Espejo plegable de 4 caras para controlar la aplicación de tu polvo densificador en la coronilla y la parte trasera. Compacto, ligero, ideal para viajar.
