{"id":1104339,"date":"2025-07-27T13:54:37","date_gmt":"2025-07-27T11:54:37","guid":{"rendered":"https:\/\/hairvisual.fr\/produit\/ecobell-crema-correctora-de-la-calvicie-alopecia\/"},"modified":"2026-07-28T18:05:09","modified_gmt":"2026-07-28T16:05:09","slug":"ecobell-crema-correctora-de-la-calvicie-alopecia","status":"publish","type":"product","link":"https:\/\/hairvisual.fr\/es\/producto\/ecobell-crema-correctora-de-la-calvicie-alopecia\/","title":{"rendered":"ECOBELL - Crema Correctora de la Calvicie Alopecia"},"content":{"rendered":"<h2>Crema correctora de calvicie y m\u00e1scara capilar waterproof<\/h2>\n<p>Descubre el nuevo fluido corrector Ecobell, una innovadora <strong>m\u00e1scara capilar con color resistente al agua<\/strong> en forma de crema fluida. Dise\u00f1ado para hombres y mujeres, este maquillaje capilar es la soluci\u00f3n ideal para disimular al instante las zonas de cabello escaso y la alopecia \u2014 incluso en la l\u00ednea frontal, las entradas y la raya, donde la precisi\u00f3n cuenta.<\/p>\n<h3>Una doble acci\u00f3n: cobertura del cuero cabelludo y volumen del cabello<\/h3>\n<p>A diferencia de las soluciones cl\u00e1sicas, esta crema correctora de calvicie act\u00faa simult\u00e1neamente a dos niveles:<\/p>\n<ol>\n<li>Ti\u00f1e sutilmente tu cuero cabelludo para disimular las zonas despobladas en un instante.<\/li>\n<li>Envuelve y gaina cada cabello existente para devolverle una impresi\u00f3n de grosor y de volumen inmediata.<\/li>\n<\/ol>\n<p>Disponible en varios tonos naturales, se armoniza con tu color de cabello, de las ra\u00edces canosas a las melenas oscuras.<\/p>\n<h3>Una f\u00f3rmula resistente al agua y 100 % segura<\/h3>\n<p>\u00a1Disfruta de tu d\u00eda con total tranquilidad! Esta <strong>m\u00e1scara para el cabello<\/strong> es resistente al agua (waterproof) y a la transpiraci\u00f3n: no gotea, no mancha al contacto y aguanta hasta el desmaquillado, que se realiza simplemente durante tu lavado habitual.<br \/>\nMuy respetuoso con tu salud capilar, este fluido no obstruye los poros del cuero cabelludo y no interfiere en absoluto con el crecimiento natural de tu cabello. Su f\u00f3rmula suave permite incluso un uso totalmente seguro tras un injerto capilar, para camuflar las zonas en fase de crecimiento.<br \/>\n<strong>Las ventajas del fluido corrector Ecobell:<\/strong><br \/>\n\ud83d\udca7 Resistente al agua: no gotea, ideal para un uso diario o deportivo.<br \/>\n\ud83e\uddf4 Maxi formato 50 ml: un tubo econ\u00f3mico para numerosas aplicaciones.<br \/>\n\ud83d\udc6b Universal: formulado para la alopecia masculina y femenina.<br \/>\n\ud83d\udee1\ufe0f Sano: deja respirar la piel y los fol\u00edculos pilosos.<\/p>\n<h2>\u00bfC\u00f3mo aplicar tu m\u00e1scara capilar Ecobell?<\/h2>\n<p>Su uso es sencillo, r\u00e1pido y se integra perfectamente en tu rutina diaria:<\/p>\n<ol>\n<li><strong>Dosifica<\/strong>: deposita una nuez de crema fluida en tu <a href=\"https:\/\/hairvisual.fr\/es\/producto\/ecobell-esponja-de-aplicacion-profesional\/\">esponja aplicadora<\/a>.<\/li>\n<li><strong>Da toques<\/strong>: aplica delicadamente la esponja sobre las zonas despobladas, con el cabello y el cuero cabelludo secos o ligeramente h\u00famedos.<\/li>\n<li><strong>Peina<\/strong>: peina o cepilla tu cabello como de costumbre para repartir la crema y obtener un acabado fluido, fundido y 100 % natural.<\/li>\n<\/ol>\n<p><img fetchpriority=\"high\" decoding=\"async\" class=\"size-full wp-image-79139\" src=\"https:\/\/hairvisual.fr\/wp-content\/uploads\/2025\/05\/ecobell-profesionnal.png\" alt=\"Crema correctora de calvicie Ecobell waterproof, m\u00e1scara capilar profesional\" width=\"530\" height=\"1126\" \/><\/p>\n","protected":false},"excerpt":{"rendered":"<p>Disimula la alopecia y redibuja tu l\u00ednea frontal con esta <strong>crema con color waterproof<\/strong> de alta precisi\u00f3n.<br \/>\nUn <strong>resultado profesional<\/strong> en unos instantes, garantizado por la fiabilidad de Hairvisual: tu socio capilar desde 2010, con m\u00e1s de <strong>250.000 pedidos entregados en toda Europa<\/strong>.<\/p>\n","protected":false},"featured_media":1102718,"comment_status":"closed","ping_status":"closed","template":"","meta":{"_seopress_titles_title":"Crema Correctora Ecobell | Hairvisual","_seopress_titles_desc":"Gana volumen y disimula la alopecia con la m\u00e1scara capilar waterproof Ecobell. Una crema fluida ideal para redibujar tu l\u00ednea frontal.","_seopress_robots_index":"","_seopress_robots_follow":"","_seopress_robots_imageindex":"","_seopress_robots_snippet":"","_seopress_robots_primary_cat":"none","_seopress_robots_breadcrumbs":"","_seopress_robots_freeze_modified_date":"","_seopress_robots_custom_modified_date":"","_seopress_robots_canonical":"","_seopress_social_fb_title":"","_seopress_social_fb_desc":"","_seopress_social_fb_img":"","_seopress_social_fb_img_attachment_id":0,"_seopress_social_fb_img_width":0,"_seopress_social_fb_img_height":0,"_seopress_social_twitter_title":"","_seopress_social_twitter_desc":"","_seopress_social_twitter_img":"","_seopress_social_twitter_img_attachment_id":0,"_seopress_social_twitter_img_width":0,"_seopress_social_twitter_img_height":0,"_seopress_redirections_value":"","_seopress_redirections_enabled":"","_seopress_redirections_enabled_regex":"","_seopress_redirections_logged_status":"ambos","_seopress_redirections_param":"","_seopress_redirections_type":301,"_seopress_analysis_target_kw":"","_seopress_news_disabled":"","_seopress_video_disabled":"","_seopress_video":[],"_seopress_pro_schemas_manual":[],"_seopress_pro_rich_snippets_disable_all":"","_seopress_pro_rich_snippets_disable":[],"_seopress_pro_schemas":[]},"product_brand":[536],"product_cat":[377],"product_tag":[378],"class_list":["post-1104339","product","type-product","status-publish","has-post-thumbnail","product_brand-ecobell","product_cat-mascara-para-el-pelo","product_tag-noticias","first","instock","taxable","shipping-taxable","purchasable","product-type-variable"],"_links":{"self":[{"href":"https:\/\/hairvisual.fr\/es\/wp-json\/wp\/v2\/product\/1104339","targetHints":{"allow":["GET"]}}],"collection":[{"href":"https:\/\/hairvisual.fr\/es\/wp-json\/wp\/v2\/product"}],"about":[{"href":"https:\/\/hairvisual.fr\/es\/wp-json\/wp\/v2\/types\/product"}],"replies":[{"embeddable":true,"href":"https:\/\/hairvisual.fr\/es\/wp-json\/wp\/v2\/comments?post=1104339"}],"wp:featuredmedia":[{"embeddable":true,"href":"https:\/\/hairvisual.fr\/es\/wp-json\/wp\/v2\/media\/1102718"}],"wp:attachment":[{"href":"https:\/\/hairvisual.fr\/es\/wp-json\/wp\/v2\/media?parent=1104339"}],"wp:term":[{"taxonomy":"product_brand","embeddable":true,"href":"https:\/\/hairvisual.fr\/es\/wp-json\/wp\/v2\/product_brand?post=1104339"},{"taxonomy":"product_cat","embeddable":true,"href":"https:\/\/hairvisual.fr\/es\/wp-json\/wp\/v2\/product_cat?post=1104339"},{"taxonomy":"product_tag","embeddable":true,"href":"https:\/\/hairvisual.fr\/es\/wp-json\/wp\/v2\/product_tag?post=1104339"}],"curies":[{"name":"wp","href":"https:\/\/api.w.org\/{rel}","templated":true}]}}

<h2>Crema correctora de calvicie y máscara capilar waterproof</h2>
<p>Descubre el nuevo fluido corrector Ecobell, una innovadora <strong>máscara capilar con color resistente al agua</strong> en forma de crema fluida. Diseñado para hombres y mujeres, este maquillaje capilar es la solución ideal para disimular al instante las zonas de cabello escaso y la alopecia — incluso en la línea frontal, las entradas y la raya, donde la precisión cuenta.</p>
<h3>Una doble acción: cobertura del cuero cabelludo y volumen del cabello</h3>
<p>A diferencia de las soluciones clásicas, esta crema correctora de calvicie actúa simultáneamente a dos niveles:</p>
<ol>
<li>Tiñe sutilmente tu cuero cabelludo para disimular las zonas despobladas en un instante.</li>
<li>Envuelve y gaina cada cabello existente para devolverle una impresión de grosor y de volumen inmediata.</li>
</ol>
<p>Disponible en varios tonos naturales, se armoniza con tu color de cabello, de las raíces canosas a las melenas oscuras.</p>
<h3>Una fórmula resistente al agua y 100 % segura</h3>
<p>¡Disfruta de tu día con total tranquilidad! Esta <strong>máscara para el cabello</strong> es resistente al agua (waterproof) y a la transpiración: no gotea, no mancha al contacto y aguanta hasta el desmaquillado, que se realiza simplemente durante tu lavado habitual.<br />
Muy respetuoso con tu salud capilar, este fluido no obstruye los poros del cuero cabelludo y no interfiere en absoluto con el crecimiento natural de tu cabello. Su fórmula suave permite incluso un uso totalmente seguro tras un injerto capilar, para camuflar las zonas en fase de crecimiento.<br />
<strong>Las ventajas del fluido corrector Ecobell:</strong><br />
💧 Resistente al agua: no gotea, ideal para un uso diario o deportivo.<br />
🧴 Maxi formato 50 ml: un tubo económico para numerosas aplicaciones.<br />
👫 Universal: formulado para la alopecia masculina y femenina.<br />
🛡️ Sano: deja respirar la piel y los folículos pilosos.</p>
<h2>¿Cómo aplicar tu máscara capilar Ecobell?</h2>
<p>Su uso es sencillo, rápido y se integra perfectamente en tu rutina diaria:</p>
<ol>
<li><strong>Dosifica</strong>: deposita una nuez de crema fluida en tu <a href="https://hairvisual.fr/es/producto/ecobell-esponja-de-aplicacion-profesional/">esponja aplicadora</a>.</li>
<li><strong>Da toques</strong>: aplica delicadamente la esponja sobre las zonas despobladas, con el cabello y el cuero cabelludo secos o ligeramente húmedos.</li>
<li><strong>Peina</strong>: peina o cepilla tu cabello como de costumbre para repartir la crema y obtener un acabado fluido, fundido y 100 % natural.</li>
</ol>
<p><img fetchpriority="high" decoding="async" class="size-full wp-image-79139" src="https://hairvisual.fr/wp-content/uploads/2025/05/ecobell-profesionnal.png" alt="Crema correctora de calvicie Ecobell waterproof, máscara capilar profesional" width="530" height="1126" /></p>

<p>Disimula la alopecia y redibuja tu línea frontal con esta <strong>crema con color waterproof</strong> de alta precisión.<br />
Un <strong>resultado profesional</strong> en unos instantes, garantizado por la fiabilidad de Hairvisual: tu socio capilar desde 2010, con más de <strong>250.000 pedidos entregados en toda Europa</strong>.</p>

Gana volumen y disimula la alopecia con la máscara capilar waterproof Ecobell. Una crema fluida ideal para redibujar tu línea frontal.
