{"id":1104340,"date":"2025-07-14T13:04:19","date_gmt":"2025-07-14T11:04:19","guid":{"rendered":"https:\/\/hairvisual.fr\/produit\/hair-plus-botella-vacia-rellenable\/"},"modified":"2026-07-21T22:16:20","modified_gmt":"2026-07-21T20:16:20","slug":"hair-plus-botella-vacia-rellenable","status":"publish","type":"product","link":"https:\/\/hairvisual.fr\/es\/producto\/hair-plus-botella-vacia-rellenable\/","title":{"rendered":"HAIR PLUS - Botella vac\u00eda rellenable"},"content":{"rendered":"<h2>Frasco vac\u00edo recargable Hair Plus para polvo capilar<\/h2>\n<p>Este <strong>frasco nuevo y vac\u00edo Hair Plus<\/strong> te permite usar tu polvo densificador habitual en formato recarga: vierte el contenido de tu <a href=\"https:\/\/hairvisual.fr\/produit\/hair-plus-recharge-poudre-densifiante\/\">sobre de recarga<\/a> y recupera la comodidad de un frasco aplicador, a un coste muy inferior al del frasco original.<\/p>\n<p>Es tambi\u00e9n el compa\u00f1ero de viaje ideal: deja tu frasco grande en casa y ll\u00e9vate este, ligero y compacto, para el fin de semana, el gimnasio o tus desplazamientos.<\/p>\n<p><strong>Caracter\u00edsticas:<\/strong><\/p>\n<ul>\n<li>Capacidad: 30 gramos m\u00e1ximo<\/li>\n<li>Frasco nuevo, entregado vac\u00edo \u2014 recarga no incluida<\/li>\n<\/ul>\n<p><strong>NB:<\/strong> este frasco est\u00e1 dise\u00f1ado para el polvo Hair Plus. El <a href=\"https:\/\/hairvisual.fr\/produit\/spray-applicateur-ecobell\/\">Spray Aplicador Ecobell<\/a> no es compatible con este frasco.<\/p>\n","protected":false},"excerpt":{"rendered":"<p><strong>Frasco vac\u00edo Hair Plus de 30 g<\/strong>, nuevo, para rellenar con tu polvo densificador habitual comprado en sobre de recarga. Su boquilla dosificadora facilita el espolvoreado dirigido \u2014 y el formato compacto te acompa\u00f1a en tus desplazamientos. Recarga no incluida.<\/p>\n","protected":false},"featured_media":1102832,"comment_status":"open","ping_status":"closed","template":"","meta":{"_seopress_titles_title":"Frasco Vac\u00edo Recargable Hair Plus 30 g | Hairvisual","_seopress_titles_desc":"Frasco vac\u00edo Hair Plus de 30 g para rellenar con tu recarga de polvo densificador. Econ\u00f3mico y compacto, ideal para viajar. Recarga no incluida.","_seopress_robots_index":"","_seopress_robots_follow":"","_seopress_robots_imageindex":"","_seopress_robots_snippet":"","_seopress_robots_primary_cat":"none","_seopress_robots_breadcrumbs":"","_seopress_robots_freeze_modified_date":"","_seopress_robots_custom_modified_date":"","_seopress_robots_canonical":"","_seopress_social_fb_title":"","_seopress_social_fb_desc":"","_seopress_social_fb_img":"","_seopress_social_fb_img_attachment_id":0,"_seopress_social_fb_img_width":0,"_seopress_social_fb_img_height":0,"_seopress_social_twitter_title":"","_seopress_social_twitter_desc":"","_seopress_social_twitter_img":"","_seopress_social_twitter_img_attachment_id":0,"_seopress_social_twitter_img_width":0,"_seopress_social_twitter_img_height":0,"_seopress_redirections_value":"","_seopress_redirections_enabled":"","_seopress_redirections_enabled_regex":"","_seopress_redirections_logged_status":"ambos","_seopress_redirections_param":"","_seopress_redirections_type":301,"_seopress_analysis_target_kw":"","_seopress_news_disabled":"","_seopress_video_disabled":"","_seopress_video":[],"_seopress_pro_schemas_manual":[],"_seopress_pro_rich_snippets_disable_all":"","_seopress_pro_rich_snippets_disable":[],"_seopress_pro_schemas":[]},"product_brand":[538],"product_cat":[354],"product_tag":[],"class_list":["post-1104340","product","type-product","status-publish","has-post-thumbnail","product_brand-hair-plus","product_cat-accesorios","first","instock","taxable","shipping-taxable","purchasable","product-type-simple"],"_links":{"self":[{"href":"https:\/\/hairvisual.fr\/es\/wp-json\/wp\/v2\/product\/1104340","targetHints":{"allow":["GET"]}}],"collection":[{"href":"https:\/\/hairvisual.fr\/es\/wp-json\/wp\/v2\/product"}],"about":[{"href":"https:\/\/hairvisual.fr\/es\/wp-json\/wp\/v2\/types\/product"}],"replies":[{"embeddable":true,"href":"https:\/\/hairvisual.fr\/es\/wp-json\/wp\/v2\/comments?post=1104340"}],"wp:featuredmedia":[{"embeddable":true,"href":"https:\/\/hairvisual.fr\/es\/wp-json\/wp\/v2\/media\/1102832"}],"wp:attachment":[{"href":"https:\/\/hairvisual.fr\/es\/wp-json\/wp\/v2\/media?parent=1104340"}],"wp:term":[{"taxonomy":"product_brand","embeddable":true,"href":"https:\/\/hairvisual.fr\/es\/wp-json\/wp\/v2\/product_brand?post=1104340"},{"taxonomy":"product_cat","embeddable":true,"href":"https:\/\/hairvisual.fr\/es\/wp-json\/wp\/v2\/product_cat?post=1104340"},{"taxonomy":"product_tag","embeddable":true,"href":"https:\/\/hairvisual.fr\/es\/wp-json\/wp\/v2\/product_tag?post=1104340"}],"curies":[{"name":"wp","href":"https:\/\/api.w.org\/{rel}","templated":true}]}}

HAIR PLUS - Botella vacía rellenable

<h2>Frasco vacío recargable Hair Plus para polvo capilar</h2>
<p>Este <strong>frasco nuevo y vacío Hair Plus</strong> te permite usar tu polvo densificador habitual en formato recarga: vierte el contenido de tu <a href="https://hairvisual.fr/produit/hair-plus-recharge-poudre-densifiante/">sobre de recarga</a> y recupera la comodidad de un frasco aplicador, a un coste muy inferior al del frasco original.</p>
<p>Es también el compañero de viaje ideal: deja tu frasco grande en casa y llévate este, ligero y compacto, para el fin de semana, el gimnasio o tus desplazamientos.</p>
<p><strong>Características:</strong></p>
<ul>
<li>Capacidad: 30 gramos máximo</li>
<li>Frasco nuevo, entregado vacío — recarga no incluida</li>
</ul>
<p><strong>NB:</strong> este frasco está diseñado para el polvo Hair Plus. El <a href="https://hairvisual.fr/produit/spray-applicateur-ecobell/">Spray Aplicador Ecobell</a> no es compatible con este frasco.</p>

<p><strong>Frasco vacío Hair Plus de 30 g</strong>, nuevo, para rellenar con tu polvo densificador habitual comprado en sobre de recarga. Su boquilla dosificadora facilita el espolvoreado dirigido — y el formato compacto te acompaña en tus desplazamientos. Recarga no incluida.</p>

Frasco Vacío Recargable Hair Plus 30 g | Hairvisual

Frasco vacío Hair Plus de 30 g para rellenar con tu recarga de polvo densificador. Económico y compacto, ideal para viajar. Recarga no incluida.
